{"id":210,"date":"2017-10-15T00:54:25","date_gmt":"2017-10-15T00:54:25","guid":{"rendered":"http:\/\/hanse-grundbesitz.de\/?page_id=210"},"modified":"2021-04-05T17:33:43","modified_gmt":"2021-04-05T16:33:43","slug":"impressum","status":"publish","type":"page","link":"https:\/\/www.hanse-grundbesitz.de\/?page_id=210","title":{"rendered":"impressum"},"content":{"rendered":"<p>[et_pb_section fb_built=&#8220;1&#8243; _builder_version=&#8220;3.22&#8243; background_image=&#8220;http:\/\/hanse-grundbesitz.de\/wp-content\/uploads\/2017\/10\/hanse_letterpress_827.jpg&#8220; parallax=&#8220;on&#8220;][et_pb_row _builder_version=&#8220;3.25&#8243;][et_pb_column type=&#8220;4_4&#8243; _builder_version=&#8220;3.25&#8243; custom_padding=&#8220;|||&#8220; custom_padding__hover=&#8220;|||&#8220;][et_pb_text _builder_version=&#8220;3.27.4&#8243;][\/et_pb_text][\/et_pb_column][\/et_pb_row][et_pb_row _builder_version=&#8220;3.25&#8243;][et_pb_column type=&#8220;4_4&#8243; _builder_version=&#8220;3.25&#8243; custom_padding=&#8220;|||&#8220; custom_padding__hover=&#8220;|||&#8220;][et_pb_text _builder_version=&#8220;3.27.4&#8243;]<\/p>\n<h1>IMPRESSUM<\/h1>\n<p>[\/et_pb_text][et_pb_text _builder_version=&#8220;3.27.4&#8243;][\/et_pb_text][\/et_pb_column][\/et_pb_row][et_pb_row column_structure=&#8220;1_2,1_2&#8243; _builder_version=&#8220;3.25&#8243; background_color=&#8220;rgba(255,252,236,0.26)&#8220; module_alignment=&#8220;center&#8220;][et_pb_column type=&#8220;1_2&#8243; _builder_version=&#8220;3.25&#8243; custom_padding=&#8220;|||&#8220; custom_padding__hover=&#8220;|||&#8220;][et_pb_text _builder_version=&#8220;3.27.4&#8243; custom_margin=&#8220;|||20px&#8220;]<\/p>\n<h2><strong>BANKVERBINDUNG<\/strong><\/h2>\n<p>[\/et_pb_text][et_pb_text _builder_version=&#8220;3.27.4&#8243; custom_margin=&#8220;|||20px&#8220;]<\/p>\n<p>Hanse Grundbesitz GmbH<br \/><span style=\"font-size: 14px;\">Rollbarg 33b<\/span><\/p>\n<p><span style=\"font-size: 14px;\">25482 Appen<\/span><\/p>\n<p>Gesch\u00e4ftsf\u00fchrer Andreas Breuer<\/p>\n<p>Steuernummer 18\/ 295\/ 19925<br \/>Finanzamt Itzehoe<\/p>\n<p>Eingetragen im Handelsregister des Amtsgerichts in Pinneberg, <br \/>Abt. B HR-Nummer 7978 PI<\/p>\n<p>Erlaubnis nach \u00a7 34c Gewerbeordnung (GewO) durch die IHK Kiel erteilt<\/p>\n<p>&nbsp;<\/p>\n<p>[\/et_pb_text][\/et_pb_column][et_pb_column type=&#8220;1_2&#8243; _builder_version=&#8220;3.25&#8243; custom_padding=&#8220;|||&#8220; custom_padding__hover=&#8220;|||&#8220;][et_pb_text _builder_version=&#8220;3.27.4&#8243;]<\/p>\n<h2><strong>KONTAKTDATEN<\/strong><\/h2>\n<p>[\/et_pb_text][et_pb_text _builder_version=&#8220;4.9.2&#8243; hover_enabled=&#8220;0&#8243; sticky_enabled=&#8220;0&#8243;]<\/p>\n<p><span style=\"font-size: 14px;\">Mobil\u00a0 \u00a0+49 171 19 51 407<\/span><\/p>\n<p>[\/et_pb_text][\/et_pb_column][\/et_pb_row][et_pb_row _builder_version=&#8220;3.25&#8243; background_color=&#8220;rgba(255,252,236,0.26)&#8220;][et_pb_column type=&#8220;4_4&#8243; _builder_version=&#8220;3.25&#8243; custom_padding=&#8220;|||&#8220; custom_padding__hover=&#8220;|||&#8220;][et_pb_text _builder_version=&#8220;3.27.4&#8243;]<\/p>\n<h2 class=\"\">Hinweis auf EU-Streitschlichtung<\/h2>\n<p>Die Europ\u00e4ische Kommission stellt eine Plattform zur Online-Streitbeilegung (OS) bereit:\u00a0<a href=\"http:\/\/ec.europa.eu\/consumers\/odr\">http:\/\/ec.europa.eu\/consumers\/odr<\/a><br \/>\nUnsere E-Mail-Adresse finden sie oben im Impressum.<\/p>\n<p>Quelle:\u00a0<em><a href=\"https:\/\/www.e-recht24.de\/\">https:\/\/www.e-recht24.de<\/a><\/em><br \/>\n[\/et_pb_text][\/et_pb_column][\/et_pb_row][\/et_pb_section][et_pb_section fb_built=&#8220;1&#8243; _builder_version=&#8220;3.22&#8243; background_color=&#8220;#fffcec&#8220;][et_pb_row _builder_version=&#8220;3.25&#8243;][et_pb_column type=&#8220;4_4&#8243; _builder_version=&#8220;3.25&#8243; custom_padding=&#8220;|||&#8220; custom_padding__hover=&#8220;|||&#8220;][et_pb_text _builder_version=&#8220;3.27.4&#8243;]<\/p>\n<h1>Haftungsausschluss (Disclaimer)<\/h1>\n<p>[\/et_pb_text][et_pb_text _builder_version=&#8220;3.27.4&#8243;]Als Diensteanbieter sind wir gem\u00e4\u00df \u00a7 7 Abs.1 TMG f\u00fcr eigene Inhalte auf diesen Seiten nach den allgemeinen Gesetzen verantwortlich. Nach \u00a7\u00a7 8 bis 10 TMG sind wir als Diensteanbieter jedoch nicht verpflichtet, \u00fcbermittelte oder gespeicherte fremde Informationen zu \u00fcberwachen oder nach Umst\u00e4nden zu forschen, die auf eine rechtswidrige T\u00e4tigkeit hinweisen.<\/p>\n<p>Verpflichtungen zur Entfernung oder Sperrung der Nutzung von Informationen nach den allgemeinen Gesetzen bleiben hiervon unber\u00fchrt. Eine diesbez\u00fcgliche Haftung ist jedoch erst ab dem Zeitpunkt der Kenntnis einer konkreten Rechtsverletzung m\u00f6glich. Bei Bekanntwerden von entsprechenden Rechtsverletzungen werden wir diese Inhalte umgehend entfernen.<\/p>\n<p>&nbsp;<\/p>\n<div class=\"thrv_paste_content thrv_wrapper tve_empty_dropzone\">\n<h2 class=\"\">Haftung f\u00fcr Links<\/h2>\n<p>Unser Angebot enth\u00e4lt Links zu externen Webseiten Dritter, auf deren Inhalte wir keinen Einfluss haben. Deshalb k\u00f6nnen wir f\u00fcr diese fremden Inhalte auch keine Gew\u00e4hr \u00fcbernehmen. F\u00fcr die Inhalte der verlinkten Seiten ist stets der jeweilige Anbieter oder Betreiber der Seiten verantwortlich. Die verlinkten Seiten wurden zum Zeitpunkt der Verlinkung auf m\u00f6gliche Rechtsverst\u00f6\u00dfe \u00fcberpr\u00fcft. Rechtswidrige Inhalte waren zum Zeitpunkt der Verlinkung nicht erkennbar.<\/p>\n<p>Eine permanente inhaltliche Kontrolle der verlinkten Seiten ist jedoch ohne konkrete Anhaltspunkte einer Rechtsverletzung nicht zumutbar. Bei Bekanntwerden von Rechtsverletzungen werden wir derartige Links umgehend entfernen.<\/p>\n<h2 class=\"\"><\/h2>\n<h2 class=\"\">Urheberrecht<\/h2>\n<p>Die durch die Seitenbetreiber erstellten Inhalte und Werke auf diesen Seiten unterliegen dem deutschen Urheberrecht. Die Vervielf\u00e4ltigung, Bearbeitung, Verbreitung und jede Art der Verwertung au\u00dferhalb der Grenzen des Urheberrechtes bed\u00fcrfen der schriftlichen Zustimmung des jeweiligen Autors bzw. Erstellers. Downloads und Kopien dieser Seite sind nur f\u00fcr den privaten, nicht kommerziellen Gebrauch gestattet.<\/p>\n<p>Soweit die Inhalte auf dieser Seite nicht vom Betreiber erstellt wurden, werden die Urheberrechte Dritter beachtet. Insbesondere werden Inhalte Dritter als solche gekennzeichnet. Sollten Sie trotzdem auf eine Urheberrechtsverletzung aufmerksam werden, bitten wir um einen entsprechenden Hinweis. Bei Bekanntwerden von Rechtsverletzungen werden wir derartige Inhalte umgehend entfernen.<\/p>\n<\/div>\n<p>&nbsp;<\/p>\n<h2>Datenschutz<\/h2>\n<p>Diese Webseite verwendet den Facebook Pixel und kommuniziert verschl\u00fcsselt Benutzerdaten an Facebook. Das hilft unsbei Facebook Werbung zielgerichteter vorgehen zu k\u00f6nnen.<br \/>\n[\/et_pb_text][\/et_pb_column][\/et_pb_row][\/et_pb_section][et_pb_section fb_built=&#8220;1&#8243; specialty=&#8220;on&#8220; custom_padding_last_edited=&#8220;on|desktop&#8220; parallax_method_1=&#8220;off&#8220; parallax_method_2=&#8220;off&#8220; admin_label=&#8220;Section&#8220; module_id=&#8220;#footer&#8220; module_class=&#8220;ps2id&#8220; _builder_version=&#8220;3.22&#8243; background_color=&#8220;#2b2c2a&#8220; custom_padding=&#8220;0px|0px|0vh|0px&#8220; custom_padding_tablet=&#8220;50px|0|50px|0&#8243; custom_padding_phone=&#8220;&#8220; custom_css_main_element=&#8220;.section { height: 95vh;}||.section\u2014first { height: 90vh; }&#8220; transparent_background=&#8220;off&#8220; collapsed=&#8220;off&#8220;][et_pb_column type=&#8220;1_3&#8243; _builder_version=&#8220;3.25&#8243; custom_padding=&#8220;|||&#8220; parallax__hover=&#8220;off&#8220; parallax_method__hover=&#8220;off&#8220; custom_padding__hover=&#8220;|||&#8220;][et_pb_text admin_label=&#8220;Follow Text&#8220; _builder_version=&#8220;3.27.4&#8243; text_font=&#8220;Oswald|||on|&#8220; text_text_color=&#8220;#ffffff&#8220; text_font_size=&#8220;16&#8243; text_letter_spacing=&#8220;2px&#8220; background_size=&#8220;initial&#8220; background_position=&#8220;top_left&#8220; background_repeat=&#8220;repeat&#8220; background_layout=&#8220;dark&#8220;]<span style=\"color: #b32a59;\"><a style=\"color: #b32a59;\" href=\"http:\/\/hanse-grundbesitz.de\/?page_id=210\">IMPRESSUM<\/a><br \/>\n<a style=\"color: #b32a59;\" href=\"http:\/\/hanse-grundbesitz.de\/?page_id=29104\">DATENSCHUTZERKL\u00c4RUNG<\/a><br \/>\n<a style=\"color: #b32a59;\" href=\"http:\/\/hanse-grundbesitz.de\/?page_id=29117\">HAFTUNGSAUSSCHLUSS<\/a><\/span><br \/>\n[\/et_pb_text][\/et_pb_column][et_pb_column type=&#8220;2_3&#8243; specialty_columns=&#8220;2&#8243; _builder_version=&#8220;3.25&#8243; custom_padding=&#8220;|||&#8220; parallax__hover=&#8220;off&#8220; parallax_method__hover=&#8220;off&#8220; custom_padding__hover=&#8220;|||&#8220;][et_pb_row_inner padding_mobile=&#8220;on&#8220; column_padding_mobile=&#8220;on&#8220; custom_padding_last_edited=&#8220;on|desktop&#8220; admin_label=&#8220;Row&#8220; _builder_version=&#8220;3.25&#8243; custom_padding=&#8220;||0px|&#8220; custom_padding_tablet=&#8220;||10px|&#8220; custom_padding_phone=&#8220;&#8220;][et_pb_column_inner saved_specialty_column_type=&#8220;2_3&#8243; _builder_version=&#8220;3.25&#8243; custom_padding=&#8220;|||&#8220; column_padding_mobile__hover=&#8220;on&#8220; parallax__hover=&#8220;off&#8220; parallax_method__hover=&#8220;off&#8220; custom_padding__hover=&#8220;|||&#8220;][et_pb_text _builder_version=&#8220;3.27.4&#8243; text_font=&#8220;Oswald|||on|&#8220; text_text_color=&#8220;#ffffff&#8220; text_font_size=&#8220;16&#8243; text_letter_spacing=&#8220;2px&#8220; background_size=&#8220;initial&#8220; background_position=&#8220;top_left&#8220; background_repeat=&#8220;repeat&#8220; background_layout=&#8220;dark&#8220;]<span style=\"color: #b32a59;\"><a style=\"color: #b32a59;\" href=\"http:\/\/hanse-grundbesitz.de\/#home\">Home<\/a><a style=\"color: #b32a59;\" href=\"http:\/\/hanse-grundbesitz.de\/#about\">\u00a0 \u00a0 \u00a0 \u00dcber uns<\/a>\u00a0\u00a0 \u00a0\u00a0<a style=\"color: #b32a59;\" href=\"http:\/\/hanse-grundbesitz.de\/#services\">Dienstleistungen\u00a0 \u00a0 \u00a0<\/a><a style=\"color: #b32a59;\" href=\"http:\/\/hanse-grundbesitz.de\/#offer\">ANGEBOT\u00a0 \u00a0 \u00a0<\/a><a style=\"color: #b32a59;\" href=\"http:\/\/hanse-grundbesitz.de\/#contact\">Kontakt<\/a><\/span><br \/>\n[\/et_pb_text][\/et_pb_column_inner][\/et_pb_row_inner][et_pb_row_inner column_structure=&#8220;1_2,1_2&#8243; column_padding_mobile=&#8220;on&#8220; admin_label=&#8220;Row&#8220; _builder_version=&#8220;3.25&#8243; custom_padding=&#8220;|0px|0px|0px&#8220;][et_pb_column_inner type=&#8220;1_2&#8243; saved_specialty_column_type=&#8220;2_3&#8243; _builder_version=&#8220;3.25&#8243; custom_padding=&#8220;|||&#8220; column_padding_mobile__hover=&#8220;on&#8220; parallax__hover=&#8220;off&#8220; parallax_method__hover=&#8220;off&#8220; custom_padding__hover=&#8220;|||&#8220;][et_pb_blurb url=&#8220;#&#8220; use_icon=&#8220;on&#8220; font_icon=&#8220;%%109%%&#8220; icon_color=&#8220;#b32a59&#8243; icon_placement=&#8220;left&#8220; use_icon_font_size=&#8220;on&#8220; icon_font_size=&#8220;20&#8243; admin_label=&#8220;Blurb&#8220; _builder_version=&#8220;3.5.1&#8243; body_font=&#8220;Open Sans||||&#8220; body_text_color=&#8220;#ffffff&#8220; body_font_size=&#8220;16&#8243; body_line_height=&#8220;1.5em&#8220; background_size=&#8220;initial&#8220; background_position=&#8220;top_left&#8220; background_repeat=&#8220;repeat&#8220; background_layout=&#8220;dark&#8220; custom_margin=&#8220;||0px|&#8220; custom_padding=&#8220;||15px|&#8220; animation=&#8220;off&#8220;]<\/p>\n<p><strong><span style=\"color: #fffcec;\"><a style=\"color: #fffcec;\" href=\"mailto:info@hanse-grundbesitz.de\">info@hanse-grundbesitz.de<\/a><\/span><\/strong><\/p>\n<p>[\/et_pb_blurb][et_pb_blurb url=&#8220;#&#8220; use_icon=&#8220;on&#8220; font_icon=&#8220;%%122%%&#8220; icon_placement=&#8220;left&#8220; use_icon_font_size=&#8220;on&#8220; icon_font_size=&#8220;18&#8243; admin_label=&#8220;Blurb&#8220; _builder_version=&#8220;4.0.6&#8243; body_font=&#8220;Open Sans||||&#8220; body_text_color=&#8220;#ffffff&#8220; body_font_size=&#8220;16&#8243; body_line_height=&#8220;1.5em&#8220; background_size=&#8220;initial&#8220; background_position=&#8220;top_left&#8220; background_repeat=&#8220;repeat&#8220; background_layout=&#8220;dark&#8220; animation=&#8220;off&#8220;]<\/p>\n<p><span style=\"color: #fffcec;\"><span style=\"font-size: 16px;\"><strong>Hanse Grundbesitz GmbH<br \/> Rollbarg 33b<br \/> 25482 Appen<\/strong><\/span><\/span><\/p>\n<p>[\/et_pb_blurb][\/et_pb_column_inner][et_pb_column_inner type=&#8220;1_2&#8243; saved_specialty_column_type=&#8220;2_3&#8243; _builder_version=&#8220;3.25&#8243; custom_padding=&#8220;|||&#8220; column_padding_mobile__hover=&#8220;on&#8220; parallax__hover=&#8220;off&#8220; parallax_method__hover=&#8220;off&#8220; custom_padding__hover=&#8220;|||&#8220;][et_pb_blurb url=&#8220;#&#8220; use_icon=&#8220;on&#8220; font_icon=&#8220;%%104%%&#8220; icon_placement=&#8220;left&#8220; use_icon_font_size=&#8220;on&#8220; icon_font_size=&#8220;20&#8243; admin_label=&#8220;Blurb&#8220; _builder_version=&#8220;4.9.2&#8243; body_font=&#8220;Open Sans||||&#8220; body_text_color=&#8220;#ffffff&#8220; body_font_size=&#8220;16&#8243; body_line_height=&#8220;1.5em&#8220; background_size=&#8220;initial&#8220; background_position=&#8220;top_left&#8220; background_repeat=&#8220;repeat&#8220; background_layout=&#8220;dark&#8220; animation=&#8220;off&#8220; hover_enabled=&#8220;0&#8243; sticky_enabled=&#8220;0&#8243;]<strong><span style=\"color: #fffcec;\">+49 171 19 51 407<\/span><\/strong><br \/>\n[\/et_pb_blurb][et_pb_blurb url=&#8220;#&#8220; use_icon=&#8220;on&#8220; font_icon=&#8220;%%337%%&#8220; icon_placement=&#8220;left&#8220; use_icon_font_size=&#8220;on&#8220; icon_font_size=&#8220;20&#8243; admin_label=&#8220;Blurb&#8220; _builder_version=&#8220;3.0.82&#8243; body_font=&#8220;Open Sans||||&#8220; body_text_color=&#8220;#ffffff&#8220; body_font_size=&#8220;16&#8243; body_line_height=&#8220;1.5em&#8220; background_size=&#8220;initial&#8220; background_position=&#8220;top_left&#8220; background_repeat=&#8220;repeat&#8220; background_layout=&#8220;dark&#8220; animation=&#8220;off&#8220;]<a href=\"http:\/\/hanse-grundbesitz.de\/?page_id=29117##\"><strong><span style=\"color: #fffcec;\">FACEBOOK<\/span><\/strong><\/a><br \/>\n[\/et_pb_blurb][\/et_pb_column_inner][\/et_pb_row_inner][\/et_pb_column][\/et_pb_section]<\/p>\n","protected":false},"excerpt":{"rendered":"<p>IMPRESSUM BANKVERBINDUNG Hanse Grundbesitz GmbHRollbarg 33b 25482 Appen Gesch\u00e4ftsf\u00fchrer Andreas Breuer Steuernummer 18\/ 295\/ 19925Finanzamt Itzehoe Eingetragen im Handelsregister des Amtsgerichts in Pinneberg, Abt. B HR-Nummer 7978 PI Erlaubnis nach \u00a7 34c Gewerbeordnung (GewO) durch die IHK Kiel erteilt &nbsp;KONTAKTDATEN Mobil\u00a0 \u00a0+49 171 19 51 407 Hinweis auf EU-Streitschlichtung Die Europ\u00e4ische Kommission stellt eine Plattform [&hellip;]<\/p>\n","protected":false},"author":1,"featured_media":0,"parent":0,"menu_order":0,"comment_status":"closed","ping_status":"closed","template":"","meta":{"_et_pb_use_builder":"on","_et_pb_old_content":"","_et_gb_content_width":""},"_links":{"self":[{"href":"https:\/\/www.hanse-grundbesitz.de\/index.php?rest_route=\/wp\/v2\/pages\/210"}],"collection":[{"href":"https:\/\/www.hanse-grundbesitz.de\/index.php?rest_route=\/wp\/v2\/pages"}],"about":[{"href":"https:\/\/www.hanse-grundbesitz.de\/index.php?rest_route=\/wp\/v2\/types\/page"}],"author":[{"embeddable":true,"href":"https:\/\/www.hanse-grundbesitz.de\/index.php?rest_route=\/wp\/v2\/users\/1"}],"replies":[{"embeddable":true,"href":"https:\/\/www.hanse-grundbesitz.de\/index.php?rest_route=%2Fwp%2Fv2%2Fcomments&post=210"}],"version-history":[{"count":4,"href":"https:\/\/www.hanse-grundbesitz.de\/index.php?rest_route=\/wp\/v2\/pages\/210\/revisions"}],"predecessor-version":[{"id":49447,"href":"https:\/\/www.hanse-grundbesitz.de\/index.php?rest_route=\/wp\/v2\/pages\/210\/revisions\/49447"}],"wp:attachment":[{"href":"https:\/\/www.hanse-grundbesitz.de\/index.php?rest_route=%2Fwp%2Fv2%2Fmedia&parent=210"}],"curies":[{"name":"wp","href":"https:\/\/api.w.org\/{rel}","templated":true}]}}